{"id":2,"date":"2016-01-11T05:45:50","date_gmt":"2016-01-11T05:45:50","guid":{"rendered":"https:\/\/tomasz.dolecki.warszawa.pl\/?page_id=2"},"modified":"2026-03-23T17:50:59","modified_gmt":"2026-03-23T17:50:59","slug":"sample-page","status":"publish","type":"page","link":"https:\/\/tomasz.dolecki.warszawa.pl\/","title":{"rendered":"STRONA G\u0141\u00d3WNA"},"content":{"rendered":"<h6><span style=\"font-size: 12pt;\">Materia\u0142\u00f3w archiwalnych zamieszczonych na tej stronie nigdzie dotychczas publicznie nie udost\u0119pnia\u0142em. Zamieszczam tu ok. 660 zdj\u0119\u0107 oraz kilkana\u015bcie nagra\u0144 filmowych, w du\u017cej cz\u0119\u015bci znalezionych dopiero w 2016 roku. Zamieszczam te\u017c skany co ciekawszych materia\u0142\u00f3w otrzymanych w 2016 roku z IPN.<\/span><\/h6>\n<h6><span style=\"font-size: 12pt;\">Niestety, cz\u0119\u015b\u0107 fotografii przej\u0119ta zosta\u0142a przez S\u0142u\u017cb\u0119 Bezpiecze\u0144stwa w roku 1985 i ponownie w roku 1988.\u00a0To, co pozosta\u0142o, postanowi\u0142em przekszta\u0142ci\u0107 w posta\u0107 cyfrow\u0105 i udost\u0119pni\u0107 publicznie. Materia\u0142y dotycz\u0105 g\u0142\u00f3wnie dw\u00f3ch ostatnich lat PRL.<\/span><\/h6>\n<h6><span style=\"font-size: 12pt;\">W\u015br\u00f3d dokument\u00f3w, kt\u00f3re otrzyma\u0142em z IPN, znajduj\u0105 si\u0119, poza wyj\u0105tkami, tylko\u00a0oficjalne materia\u0142y zachowane w prokuraturze, archiwach wi\u0119ziennych i s\u0105dowych. Materia\u0142y operacyjne dotycz\u0105ce wydawnictw drugiego obiegu zosta\u0142y, niestety, zniszczone w latach 1989-1990 w ramach zacierania \u015blad\u00f3w przez S\u0142u\u017cb\u0119 Bezpiecze\u0144stwa. Kilkana\u015bcie dokument\u00f3w odnalaz\u0142o si\u0119 jednak w roku 2016.<\/span><\/h6>\n<h6><span style=\"font-size: 12pt;\">W czasie dwukrotnych rewizji przepad\u0142y, niestety, nagrania kaza\u0144 ks. kardyna\u0142a Stefana Wyszy\u0144skiego, kt\u00f3rych dokona\u0142em pod koniec lat 70-tych w warszawskiej archikatedrze \u015bw. Jana. Zagin\u0119\u0142y te\u017c fotografie z manifestacji 31 sierpnia 1982 r. w Warszawie oraz nagrania rozm\u00f3w milicyjnych w czasie manifestacji w latach 80-tych, kt\u00f3rych dokonywa\u0142em dzi\u0119ki specjalnej przystawce do radioodbiornika stworzonej przez Andrzeja Cieleckiego, p\u00f3\u017aniejszego tw\u00f3rcy &#8222;Radia Jutrzenka&#8221;. Przystawk\u0119 odda\u0142em do zasob\u00f3w Muzum \u017bo\u0142nierzy Wykl\u0119tych i Wi\u0119\u017ani\u00f3w Politycznych PRL.<\/span><\/h6>\n<h6><span style=\"font-size: 12pt;\">Mam nadziej\u0119, \u017ce zamieszczone tu zdj\u0119cia i filmy przynios\u0105 po latach wiele wspomnie\u0144 uczestnikom tych wydarze\u0144, m\u0142odszym za\u015b uka\u017c\u0105 kawa\u0142ek historii&#8230;<\/span><\/h6>\n","protected":false},"excerpt":{"rendered":"<p>Materia\u0142\u00f3w archiwalnych zamieszczonych na tej stronie nigdzie dotychczas publicznie nie udost\u0119pnia\u0142em. Zamieszczam tu ok. 660 zdj\u0119\u0107 oraz kilkana\u015bcie nagra\u0144 filmowych, w du\u017cej cz\u0119\u015bci znalezionych dopiero&hellip;<\/p>\n","protected":false},"author":1,"featured_media":0,"parent":0,"menu_order":0,"comment_status":"open","ping_status":"open","template":"","meta":{"footnotes":""},"class_list":["post-2","page","type-page","status-publish","hentry"],"_links":{"self":[{"href":"https:\/\/tomasz.dolecki.warszawa.pl\/index.php?rest_route=\/wp\/v2\/pages\/2","targetHints":{"allow":["GET"]}}],"collection":[{"href":"https:\/\/tomasz.dolecki.warszawa.pl\/index.php?rest_route=\/wp\/v2\/pages"}],"about":[{"href":"https:\/\/tomasz.dolecki.warszawa.pl\/index.php?rest_route=\/wp\/v2\/types\/page"}],"author":[{"embeddable":true,"href":"https:\/\/tomasz.dolecki.warszawa.pl\/index.php?rest_route=\/wp\/v2\/users\/1"}],"replies":[{"embeddable":true,"href":"https:\/\/tomasz.dolecki.warszawa.pl\/index.php?rest_route=%2Fwp%2Fv2%2Fcomments&post=2"}],"version-history":[{"count":48,"href":"https:\/\/tomasz.dolecki.warszawa.pl\/index.php?rest_route=\/wp\/v2\/pages\/2\/revisions"}],"predecessor-version":[{"id":2822,"href":"https:\/\/tomasz.dolecki.warszawa.pl\/index.php?rest_route=\/wp\/v2\/pages\/2\/revisions\/2822"}],"wp:attachment":[{"href":"https:\/\/tomasz.dolecki.warszawa.pl\/index.php?rest_route=%2Fwp%2Fv2%2Fmedia&parent=2"}],"curies":[{"name":"wp","href":"https:\/\/api.w.org\/{rel}","templated":true}]}}